e hundred thousands digit of 239681?
2
What is the hundreds digit of 3198370?
3
What is the hundred thousands digit of 13650948?
6
What is the ten thousands digit of 216472?
1
What is the millions digit of 5447245?
5
What is the ten thousands digit of 14080998?
8
What is the ten thousands digit of 2256559?
5
What is the hundreds digit of 96946?
9
What is the hundreds digit of 383756?
7
What is the units digit of 64700?
0
What is the hundreds digit of 69059?
0
What is the ten thousands digit of 245378?
4
What is the units digit of 4848476?
6
What is the ten thousands digit of 19875859?
7
What is the units digit of 2801048?
8
What is the units digit of 7620811?
1
What is the hundreds digit of 192488?
4
What is the hundreds digit of 320681?
6
What is the tens digit of 3154980?
8
What is the tens digit of 171211?
1
What is the hundreds digit of 108888?
8
What is the units digit of 5393645?
5
What is the hundred thousands digit of 7209553?
2
What is the units digit of 1593607?
7
What is the hundred thousands digit of 1100132?
1
What is the hundred thousands digit of 561948?
5
What is the ten thousands digit of 226803?
2
What is the hundreds digit of 258694?
6
What is the millions digit of 2499450?
2
What is the hundred thousands digit of 1796577?
7
What is the tens digit of 3574139?
3
What is the ten millions digit of 14851190?
1
What is the hundred thousands digit of 910072?
9
What is the tens digit of 180896?
9
What is the hundred thousands digit of 2092042?
0
What is the thousands digit of 48365?
8
What is the hundreds digit of 707851?
8
What is the hundreds digit of 13310954?
9
What is the hundreds digit of 26905?
9
What is the ten thousands digit of 233044?
3
What is the hundreds digit of 37751481?
4
What is the thousands digit of 384945?
4
What is the ten millions digit of 31773775?
3
What is the tens digit of 30177742?
4
What is the tens digit of 821163?
6
What is the tens digit of 42474?
7
What is the hundreds digit of 9370138?
1
What is the units digit of 11059077?
7
What is the thousands digit of 180126?
0
What is the tens digit of 4169432?
3
What is the hundreds digit of 74108?
1
What is the thousands digit of 5082947?
2
What is the thousands digit of 1648633?
8
What is the hundred thousands digit of 211570?
2
What is the tens digit of 3873802?
0
What is the units digit of 561409?
9
What is the ten thousands digit of 5457299?
5
What is the hundred thousands digit of 427036?
4
What is the hundred thousands digit of 402636?
4
What is the hundreds digit of 2818673?
6
What is the millions digit of 6860133?
6
What is the units digit of 229129?
9
What is the millions digit of 28392424?
8
What is the tens digit of 502471?
7
What is the ten thousands digit of 263945?
6
What is the thousands digit of 319886?
9
What is the thousands digit of 1374158?
4
What is the ten thousands digit of 142066?
4
What is the thousands digit of 54351?
4
What is the thousands digit of 411281?
1
What is the ten thousands digit of 671334?
7
What is the ten thousands digit of 152789?
5
What is the millions digit of 6529763?
6
What is the thousands digit of 32987190?
7
What is the ten thousands digit of 540990?
4
What is the tens digit of 21590735?
3
What is the hundreds digit of 287345?
3
What is the tens digit of 1154097?
9
What is the millions digit of 16128330?
6
What is the units digit of 1311662?
2
What is the units digit of 3222863?
3
What is the thousands digit of 109090?
9
What is the thousands digit of 2277278?
7
What is the units digit of 3344061?
1
What is the hundreds digit of 358809?
8
What is the ten thousands digit of 689867?
8
What is the tens digit of 5871027?
2
What is the thousands digit of 478308?
8
What is the thousands digit of 877206?
7
What is the units digit of 5092292?
2
What is the millions digit of 4802150?
4
What is the thousands digit of 68284?
8
What is the hundred thousands digit of 317945?
3
What is the tens digit of 154030?
3
What is the tens digit of 79720?
2
What is the ten thousands digit of 1470875?
7
What is the units digit of 3706786?
6
What is the hundreds digit of 20025095?
0
What is the ten thousands digit of 264337?
6
What is the hundreds digit of 6345981?
9
What is the millions digit of 12342351?
2
What is the thousands digit of 1069688?
9
What is the tens digit of 19365672?
7
What is the hundreds digit of 501938?
9
What is the hundreds digit of 7574404?
4
What is the thousands digit of 148612?
8
What is the hundreds digit of 2432829?
8
What is the thousands digit of 249147?
9
What is the hundred thousands digit of 3830952?
8
What is the millions digit of 1215822?
1
What is the tens digit of 883454?
5
What is the units digit of 11978095?
5
What is the hundred thousands digit of 1178854?
1
What is the hundreds digit of 46488?
4
What is the units digit of 287162?
2
What is the units digit of 5988506?
6
What is the units digit of 11298069?
9
What is the units digit of 391814?
4
What is the hundred thousands digit of 394677?
3
What is the hundred thousands digit of 5854425?
8
What is the units digit of 7705988?
8
What is the ten thousands digit of 281144?
8
What is the hundreds digit of 1899956?
9
What is the millions digit of 3603080?
3
What is the hundred thousands digit of 14251980?
2
What is the thousands digit of 7249681?
9
What is the ten thousands digit of 64771?
6
What is the hundred thousands digit of 16146477?
1
What is the ten thousands digit of 1284210?
8
What is the units digit of 2353690?
0
What is the hundreds digit of 441938?
9
What is the ten millions digit of 20237950?
2
What is the ten thousands digit of 497253?
9
What is the ten millions digit of 10900200?
1
What is the units digit of 164252?
2
What is the units digit of 620391?
1
What is the hundreds digit of 515204?
2
What is the units digit of 6454871?
1
What is the units digit of 4996979?
9
What is the ten thousands digit of 1095596?
9
What is the units digit of 23212080?
0
What is the thousands digit of 157078?
7
What is the units digit of 725602?
2
What is the hundred thousands digit of 129514?
1
What is the tens digit of 4879171?
7
What is the hundreds digit of 123218?
2
What is the tens digit of 21601?
0
What is the ten thousands digit of 464650?
6
What is the thousands digit of 578726?
8
What is the hundreds digit of 7895900?
9
What is the units digit of 584978?
8
What is the hundreds digit of 173472?
4
What is the units digit of 1135301?
1
What is the hundreds digit of 5595774?
7
What is the hundred thousands digit of 318038?
3
What is the thousands digit of 9380494?
0
What is the units digit of 3680431?
1
What is the millions digit of 5985628?
5
What is the hundred thousands digit of 771575?
7
What is the thousands digit of 190372?
0
What is the units digit of 536073?
3
What is the thousands digit of 303651?
3
What is the millions digit of 1597637?
1
What is the ten thousands digit of 4212210?
1
What is the ten thousands digit of 137414?
3
What is the tens digit of 2298748?
4
What is the thousands digit of 2205246?
5
What is the units digit of 24929?
9
What is the units digit of 356514?
4
What is the millions digit of 2091214?
2
What is the hundreds digit of 899806?
8
What is the tens digit of 1373040?
4
What is the units digit of 286138?
8
What is the units digit of 1532598?
8
What is the units digit of 11015728?
8
What is the ten thousands digit of 2834908?
3
What is the ten thousands digit of 2802889?
0
What is the tens digit of 309035?
3
What is the hundred thousands digit of 1480799?
4
What is the hundred thousands digit of 566469?
5
What is the hundreds digit of 171685?
6
What is the hundreds digit of 61474?
4
What is the tens digit of 347874?
7
What is the ten thousands digit of 155252?
5
What is the units digit of 261446?
6
What is the thousands digit of 881871?
1
What is the units digit of 109395?
5
What is the hundreds digit of 2720742?
7
What is the units digit of 1188327?
7
What is the hundreds digit of 2917130?
1
What is the ten thousands digit of 715570?
1
What is the units digit of 852682?
2
What is the hundred thousands digit of 12674178?
6
What is the ten thousands digit of 145793?
4
What is the tens digit of 405369?
6
What is the hundred thousands digit of 965827?
9
What is the tens digit of 4687946?
4
What is the tens digit 